Let c be w/(-15) + 2/5. Suppose -n = -4 - c. What is the units digit of n?
9
Suppose 177 = -2*h + 4*f + 1205, 3*f = -3. Let d = h - 349. What is the hundreds digit of d?
1
Suppose -6*g + 795 = -693. Suppose 0 = -11*w + 555 + g. What is the units digit of w?
3
Let i = 110 + -190. Let q = 147 + i. What is the tens digit of q?
6
Suppose 0 = -3*l - 0 - 12. Let n(t) = 0*t + 95*t**2 - 94*t**2 + 5*t - 6*t. What is the units digit of n(l)?
0
Let p = 9 - 9. Suppose 0*j + j = p. Suppose 0*w + 3*w - 54 = j. What is the units digit of w?
8
Suppose 5*n = n + 12. Suppose n*a - 4*a = -4. Suppose 2*o = -2*y + 4*y + 36, -a*y = -3*o + 56. What is the units digit of o?
6
Suppose 0 = f + 4*f. Suppose -3*g = -45 - 33. Suppose f = 2*b - 4*b + g. What is the tens digit of b?
1
Suppose -61 = -11*i + 49. Suppose -1108 = -i*y + 772. What is the units digit of y?
8
Let o(r) = -r**2 + 5*r + 14. Let b be o(7). Suppose b = -26*s + 21*s + 165. What is the units digit of s?
3
Let o be 40/30 - (-92)/3. What is the tens digit of (-9 + 1)*(-248)/o?
6
Let l(n) be the third derivative of -n**4/8 - 7*n**3/6 - 27*n**2. What is the units digit of l(-3)?
2
Let d(j) = -j**3 + 5*j**2 - 4*j + 5. Let b be d(4). Suppose a - 11 = -b*h + 10, 4 = -a. Suppose -h*c = -0*c - 10. What is the units digit of c?
2
Suppose -5*u + 477 = 4*k, -4*k + 9*u - 12*u + 483 = 0. What is the tens digit of k?
2
Let z(b) = -b**3 - 2*b**2 - 3*b + 284. What is the hundreds digit of z(0)?
2
Suppose 12774 = 10*p - 6106. What is the thousands digit of p?
1
Let o(d) = 25*d**2 - 49*d - 50. Let f(l) = -17*l**2 + 33*l + 33. Let g(p) = 7*f(p) + 5*o(p). What is the tens digit of g(7)?
7
Let b = 544 - 265. What is the tens digit of b?
7
Suppose 3 - 2 = z. Let j(o) = -13*o**3 + o**2 - o. Let c be j(z). Let m = c - -37. What is the tens digit of m?
2
What is the tens digit of (-2 - -1)/(21/(-5523))?
6
Let n(g) = -3*g**2 - 8*g + 11. Let v(x) = -4*x**2 - 8*x + 12. Let d(o) = 6*n(o) - 5*v(o). What is the tens digit of d(6)?
3
Let v be (4/(-7))/((-10)/35). Suppose -5*m - 279 = -v*g - 0*g, 10 = 2*m. What is the units digit of g?
2
Suppose 4*y - 6419 = 3*y - 2*s, 19307 = 3*y - 4*s. What is the thousands digit of y?
6
Suppose 3*o + 90 = 5*o. Suppose 2*u = o + 165. What is the tens digit of u?
0
What is the tens digit of 20/(-35) - ((-6266)/14 - 0)?
4
What is the hundreds digit of ((-12)/(-18))/(10/5355)?
3
Let t = 35 - 22. Let w = t + -11. Suppose -w*s + 40 = 2*f, s + 3*f = 4*f + 24. What is the tens digit of s?
2
Let i(l) = -20*l**3 + l**2 + l. Let c be i(-1). Suppose -o + 5*o - c = 0. Suppose -2*a - 45 = -o*a. What is the units digit of a?
5
Let a(n) = n**3 - 10*n**2 + n - 3. Let s(w) = -w**3 + 11*w**2 + 4. Let y be 1 - (-2 + (0 - 0)). Let k(v) = y*s(v) + 4*a(v). What is the units digit of k(7)?
8
Let q = 49 + -52. Let i = q - -81. What is the tens digit of i?
7
Suppose 4*u - 4572 = -4*r, 0*r - r - 2280 = -2*u. What is the tens digit of u?
4
Suppose 0 = -2*r + 5*i + 432, 13 = -3*i + 1. What is the units digit of r?
6
Suppose 4126 = 8*d + 318. What is the hundreds digit of d?
4
What is the units digit of (-206)/5*(-4 + 2 + -18)?
4
Suppose -4*g = -3*f - 1, 2*f + f = -3*g + 6. What is the tens digit of ((-189)/(-36))/((-14)/16 + f)?
4
Let i = -1 - 2. Let d be (-6)/i + 30/2. Suppose -y - d + 58 = k, -y + 3*k = -53. What is the tens digit of y?
4
What is the tens digit of 12/40*6*515 - 3?
2
Let s(x) = -31*x. Let l be -1 + -1 + 3 + 0 + -3. What is the units digit of s(l)?
2
Let f = -2481 - -4228. What is the units digit of f?
7
Let f = 1437 + -1256. What is the hundreds digit of f?
1
Let n = -481 + 744. What is the units digit of n?
3
Suppose -3*f + 27 = -33. Suppose x - f = -4*l + 40, 280 = 4*x - 4*l. What is the tens digit of x?
6
Let c(d) = 2*d - 8. Let y be c(7). Let l(v) = -y + 4 - v - 1 + 4*v**2. What is the units digit of l(-2)?
5
Let n(j) = -19*j + j**3 + 12*j + 9*j + 63. What is the units digit of n(0)?
3
Let g(u) = -u**2 - 14*u - 40. Let q be g(-10). Suppose q = 16*r - 115 - 157. What is the tens digit of r?
1
Let q = 15 + -20. Let r(s) = -s**2 - 3*s + 10. Let d be r(q). Suppose 4*j + 0*j - 132 = d. What is the tens digit of j?
3
Let i(t) = -t**2 + 6*t + 22. Let m be i(8). Let q(z) = -z**3 + 6*z**2 + 3*z - 15. Let g be q(m). What is the tens digit of (-3 - -119)/(-1 + g)?
5
Let u(n) = 112*n + 651. What is the units digit of u(-5)?
1
Let t = -21 + 7. Let v = t + 73. What is the tens digit of v?
5
What is the units digit of 54174/102 + (-6)/51?
1
Let y(t) = 9*t**2 + 20*t + 37. What is the hundreds digit of y(-11)?
9
Let m(y) = y**3 + 38*y**2 + 15*y + 56. What is the units digit of m(-37)?
0
Let m(h) = -94*h - 5. Let p be ((-17)/51)/(2/12*2). What is the units digit of m(p)?
9
Suppose 0 = 3*p - 546 + 3216. Let y be p/(-6) - 1/3. Suppose -4*n = -3*h - y, -6*h - 122 = -3*n - h. What is the tens digit of n?
3
Suppose 5*k = 3*k + 8. Suppose -k*i + i = -108. Suppose i = 4*r + x, -3*x - 20 = -3*r - r. What is the units digit of r?
8
Suppose 4 = b, 8753 = 4*p + 5*b - 1275. What is the tens digit of p?
0
Let q = 20 + -13. Let s(o) be the third derivative of 5*o**4/24 - o**3/2 - 3*o**2. What is the tens digit of s(q)?
3
What is the tens digit of (1 - -4) + -2 - (-4879)/7?
0
Suppose -2*p + 35 - 7 = -5*w, 4*p - 8 = -2*w. Let y be w/(-10) - (-90)/25. Suppose -j - 44 = -4*f, j - 23 - 21 = -y*f. What is the units digit of f?
1
Let u(o) = 15*o**2 + 2*o - 1. Let g(i) = -8*i**2 - i. Let y(x) = -5*g(x) - 3*u(x). Let f(h) be the first derivative of y(h). What is the units digit of f(-1)?
9
Suppose -2*m + 2 = 0, 0 = 4*d + 2*m - 148 - 258. Let x = 155 - d. What is the tens digit of x?
5
Let s = 664 + 78. Let h = s - 527. What is the tens digit of h?
1
Let f(h) = -8*h + 2. Let r be f(-7). Let i = r + -84. What is the tens digit of (1 + -3)*(9 + i)?
3
What is the hundreds digit of 28/7*2055/20?
4
Let m(l) be the third derivative of -l**5/60 + l**4 - 23*l**3/6 + 20*l**2. What is the units digit of m(13)?
0
Let d(s) = -s**2 - 161*s - 217. What is the tens digit of d(-53)?
0
Let q(y) = 125*y - 64*y - 2*y**3 + 7*y**2 - 6 + y**3 - 64*y. Let f(x) = x**3 - 7*x**2 + 6*x + 5. Let l be f(6). What is the units digit of q(l)?
9
Let m be 12/(-30) + (-746)/10. Let g be m/1 - 2/1. What is the tens digit of -28*(-11)/(g/(-12))?
4
Let g(a) be the second derivative of a**4/6 + 11*a**3/6 - 5*a**2/2 + 19*a. What is the tens digit of g(-11)?
1
Let j(n) = -15*n - 4. Let d = -99 + 88. What is the hundreds digit of j(d)?
1
Let y be (-536)/6 - (-16)/(-24). Let p = -38 - y. What is the tens digit of p?
5
Let g = -137 + 167. What is the units digit of g?
0
Let o = -338 - -797. What is the tens digit of o?
5
Let l(c) = -c**2 + c + 5. Let n be l(3). Let i(b) = -181*b + 1. What is the hundreds digit of i(n)?
1
Suppose 10*t - 1269 = 3731. What is the units digit of t?
0
Let n = 331 + 135. What is the hundreds digit of n?
4
Suppose -8*z - 364 = -7132. What is the units digit of z?
6
Let q(x) = 16*x**2 - 1. Let t be q(1). Suppose 0 = 3*p - 4*p + 4*w + 25, 0 = -2*p - 5*w - t. Suppose r - p = -0*r. What is the units digit of r?
5
Suppose -15 = -y + 43. Suppose -b = 4*h - 92, 3*h + 0*b - y = 2*b. Let r = h - 1. What is the units digit of r?
1
What is the hundreds digit of (-7)/((-21)/2391) + 5?
8
Suppose 0 = -395*v + 386*v + 1935. What is the units digit of v?
5
Suppose -4*z = -2*x + 2, -3*z - 2*x + 6 = -10. Let u(h) = -6*h - 2*h - 2*h - 11 + z. What is the units digit of u(-4)?
1
Suppose 3 = -v - 5. Let k be 32/(-12)*12/v. Suppose 80 = 6*q - k*q. What is the units digit of q?
0
Let r(v) = -v**2 + 5*v - 33. Let f be r(15). Let d = 334 + f. What is the tens digit of d?
5
Let w be ((-6)/15)/(3/(-15)). Suppose -2*p = -21 - 55. Suppose w*u - p = -4. What is the units digit of u?
7
Suppose -q + g + 1072 = 0, -7*g + 6*g = 8*q - 8567. What is the units digit of q?
1
Suppose -2*c + 4 = -0. Suppose 2*j + c*j - 8 = 0. Suppose j*s = 38 - 4. What is the tens digit of s?
1
What is the tens digit of (-3)/(-12) - 38154/(-24)?
9
Let c(g) = 30*g**2 + 0*g**3 + g**3 + 11 - 34*g**2. Let p be c(5). What is the units digit of 8/p - (-97)/9?
1
Suppose 0 = -5*f + 2492 - 387. What is the hundreds digit of f?
4
Suppose 0 = -6*k - 0*k + 4*k. Suppose 3*q + 4*n = 2*q + 108, q - 4*n - 92 = k. What is the hundred